{"id":150,"date":"2025-10-14T08:57:53","date_gmt":"2025-10-14T08:57:53","guid":{"rendered":"https:\/\/kamamuta.pl\/?post_type=product&#038;p=150"},"modified":"2025-10-14T08:57:54","modified_gmt":"2025-10-14T08:57:54","slug":"karty-pracy-marka-osobista","status":"publish","type":"product","link":"https:\/\/kamamuta.pl\/?product=karty-pracy-marka-osobista","title":{"rendered":"Karty Pracy Marka Osobista"},"content":{"rendered":"<p>Marzysz o tym, aby Twoje produkty i us\u0142ugi sprzedawa\u0142y si\u0119 lepiej, a nazwisko sta\u0142o si\u0119 rozpoznawalne w bran\u017cy? Chcesz wreszcie zobaczy\u0107 swoje zdj\u0119cia w czasopismach, otrzymywa\u0107 zaproszenia na konferencje z Tob\u0105 w roli g\u0142\u00f3wnej i budowa\u0107 stabilne zarobki jako marka osobista? Te karty pracy to klucz, kt\u00f3ry otworzy drzwi do sukcesu Twojej marki!<\/p>\n<p><strong>Co zyskasz dzi\u0119ki kartom pracy Marka Osobista Pisarza?<\/strong><br \/>\n&#x2714;\u00a0<strong>Uporz\u0105dkowan\u0105 strategi\u0119 komunikacji w social media<\/strong>\u00a0\u2013 dowiesz si\u0119, jak m\u00f3wi\u0107 o sobie i swojej tw\u00f3rczo\u015bci w spos\u00f3b, kt\u00f3ry przyci\u0105gnie uwag\u0119 czytelnik\u00f3w i medi\u00f3w.<br \/>\n&#x2714;\u00a0<strong>Zwarty storytelling<\/strong>, kt\u00f3ry przyda Ci si\u0119 w kontaktach z pras\u0105, odbiorcami w Internecie, klientami i interesariuszami.<br \/>\n&#x2714;\u00a0<strong>Jasne wskaz\u00f3wki do dzia\u0142ania<\/strong> \u2013 pozb\u0119dziesz si\u0119 chaosu, zast\u0119puj\u0105c go konkretnym planem na rozw\u00f3j swojej kariery.<br \/>\n&#x2714;\u00a0<strong>Motywacj\u0119 i inspiracj\u0119<\/strong> \u2013 odkryjesz nowe pomys\u0142y i kierunki, kt\u00f3re pomog\u0105 Ci osi\u0105gn\u0105\u0107 wi\u0119cej w Twojej bran\u017cy.<\/p>\n<p><strong>Dlaczego warto si\u0119gn\u0105\u0107 po te Karty Pracy?<\/strong><br \/>\nTo jedyne karty pracy stworzone przez marketingowczyni\u0119 i psycholo\u017ck\u0119, ekspertk\u0119 ds. sprzeda\u017cy oraz kreowania wizerunku. To 17 stron do wype\u0142nienia, kt\u00f3re \u0142\u0105cz\u0105 wiedz\u0119 o obecno\u015bci w mediach z g\u0142\u0119bokim zrozumieniem potrzeb marek osobistych i praktycznymi narz\u0119dziami, kt\u00f3re pozwol\u0105 Ci zbudowa\u0107 trwa\u0142\u0105 i rozpoznawaln\u0105 mark\u0119.<\/p>\n<p><strong>Dla kogo?<\/strong><br \/>\nKarty pracy Marka Osobista s\u0105 idealne zar\u00f3wno dla pocz\u0105tkuj\u0105cych tw\u00f3rc\u00f3w marki, kt\u00f3rzy dopiero wchodz\u0105 na rynek, jak i dla do\u015bwiadczonych os\u00f3b, pragn\u0105cych wynie\u015b\u0107 swoj\u0105 karier\u0119 na nowy poziom.<\/p>\n<p>Nie czekaj, a\u017c sukces zapuka do Twoich drzwi \u2013 we\u017a sprawy w swoje r\u0119ce i zacznij budowa\u0107 swoj\u0105 mark\u0119 ju\u017c dzi\u015b!<\/p>\n<p><strong>Zacznij dzia\u0142a\u0107 \u2013 Twoja droga do sukcesu zaczyna si\u0119 tutaj!<\/strong><\/p>\n","protected":false},"excerpt":{"rendered":"<p>Odpowiedz na pytania, wybierz sw\u00f3j archetyp i warto\u015bci, a potem krok po kroku realizuj swoj\u0105 strategi\u0119. Sta\u0144 si\u0119 rozpoznawaln\u0105 mark\u0105 osobist\u0105 i dzia\u0142aj, sprzedaj\u0105c swoje produkty i us\u0142ugi na ca\u0142ym rynku!<\/p>\n","protected":false},"featured_media":151,"comment_status":"open","ping_status":"closed","template":"","meta":{"_themeisle_gutenberg_block_has_review":false},"product_brand":[],"product_cat":[20],"product_tag":[],"class_list":{"0":"post-150","1":"product","2":"type-product","3":"status-publish","4":"has-post-thumbnail","6":"product_cat-bez-kategorii","8":"first","9":"instock","10":"downloadable","11":"shipping-taxable","12":"purchasable","13":"product-type-simple"},"_links":{"self":[{"href":"https:\/\/kamamuta.pl\/index.php?rest_route=\/wp\/v2\/product\/150","targetHints":{"allow":["GET"]}}],"collection":[{"href":"https:\/\/kamamuta.pl\/index.php?rest_route=\/wp\/v2\/product"}],"about":[{"href":"https:\/\/kamamuta.pl\/index.php?rest_route=\/wp\/v2\/types\/product"}],"replies":[{"embeddable":true,"href":"https:\/\/kamamuta.pl\/index.php?rest_route=%2Fwp%2Fv2%2Fcomments&post=150"}],"wp:featuredmedia":[{"embeddable":true,"href":"https:\/\/kamamuta.pl\/index.php?rest_route=\/wp\/v2\/media\/151"}],"wp:attachment":[{"href":"https:\/\/kamamuta.pl\/index.php?rest_route=%2Fwp%2Fv2%2Fmedia&parent=150"}],"wp:term":[{"taxonomy":"product_brand","embeddable":true,"href":"https:\/\/kamamuta.pl\/index.php?rest_route=%2Fwp%2Fv2%2Fproduct_brand&post=150"},{"taxonomy":"product_cat","embeddable":true,"href":"https:\/\/kamamuta.pl\/index.php?rest_route=%2Fwp%2Fv2%2Fproduct_cat&post=150"},{"taxonomy":"product_tag","embeddable":true,"href":"https:\/\/kamamuta.pl\/index.php?rest_route=%2Fwp%2Fv2%2Fproduct_tag&post=150"}],"curies":[{"name":"wp","href":"https:\/\/api.w.org\/{rel}","templated":true}]}}